 - 10. Calculate i(4).
-14
Let j(w) = -w + 51. Determine j(0).
51
Let w(l) = -l + 31. Give w(5).
26
Let p(i) = -41*i - 5. Give p(-2).
77
Let b(f) = 58*f + 177. Give b(-3).
3
Let o(q) = -2*q**3 - 5*q**2 + 5*q - 5. Give o(-5).
95
Let g(u) = -u**2 - 4*u - 1. Determine g(-1).
2
Let r(v) = -v**3 - 4*v**2 + v - 35. Calculate r(-5).
-15
Let t(d) = d + 3. Calculate t(5).
8
Let c(k) = -6*k + 13. Calculate c(3).
-5
Let o(u) = 3*u - 8. Determine o(4).
4
Let c(z) = -6*z**2 - 5*z - 5. Determine c(-1).
-6
Let h(s) = -s**2 - 7*s + 14. Determine h(-8).
6
Let i(w) = -w**3 + 9*w**2 + 9*w + 4. What is i(10)?
-6
Let k(y) = y**2 - 4*y - 2. Determine k(4).
-2
Let c(f) = 9*f**2 - 60*f - 37. What is c(7)?
-16
Let o(f) = 12*f - 2. Calculate o(1).
10
Let m(g) = g**3 - 15*g**2 - 17*g + 18. Give m(16).
2
Let x(l) = -11*l**3 + 2*l - 1. Give x(1).
-10
Let w(p) = -p**2 + 2*p + 19. Give w(9).
-44
Let s(g) = g + 5. Give s(9).
14
Let p(w) = w**3 + w**2 + 2*w. What is p(3)?
42
Let y(r) = -5*r + 214. Calculate y(42).
4
Let a(s) = -s**2 + 18*s - 14. Give a(15).
31
Let g(y) = -2*y**3 + 25*y**2 + 11*y + 19. Give g(13).
-7
Let l(d) = 2*d - 12. Determine l(2).
-8
Let x(n) = n**2 + 10*n + 5. Calculate x(-4).
-19
Let z(l) = l**2 - 17*l + 59. Calculate z(5).
-1
Let p(z) = -z**3 + 4*z**2 - 3*z + 6. Determine p(4).
-6
Let d(m) = -m**3 - 26*m**2 + 31*m + 14. Give d(-27).
-94
Let x(f) = f + 5. Determine x(0).
5
Let q(g) = -g**3 - 14*g**2 + 38*g + 68. Give q(-16).
-28
Let i(w) = w**2 - 11*w - 128. What is i(-7)?
-2
Let q(x) = -x**3 - 2*x**2 + 5*x. Give q(-4).
12
Let y(c) = -c**2 + 31*c - 107. Determine y(4).
1
Let b(x) = -9*x - 4. What is b(4)?
-40
Let q(y) = 11*y + 16. What is q(4)?
60
Let t(o) = -4*o**2 - 1. Calculate t(-1).
-5
Let i(g) = -g**2 + 14*g + 51. What is i(14)?
51
Let t(c) = -3*c + 12. Determine t(9).
-15
Let f(a) = a**2 - 15*a + 26. Give f(16).
42
Let n(u) = -u**3 - 3*u**2 + 9*u + 31. Give n(-3).
4
Let c(h) = 6*h**2 - 3*h - 1. Give c(-3).
62
Let t(f) = -f**2 - 13*f - 36. Give t(-4).
0
Let s(l) = l + 22. Determine s(-13).
9
Let u(w) = 2*w + 1. Calculate u(-4).
-7
Let t(w) = w**3 + 15*w**2 - 17*w - 29. Calculate t(-16).
-13
Let o(g) = -g**2 + 12*g - 14. Calculate o(7).
21
Let v(d) = 4*d + 19. Determine v(-11).
-25
Let d(j) = 2*j**2 + 27*j + 6. Determine d(-11).
-49
Let c(d) = -7*d - 88. Determine c(-10).
-18
Let g(z) = -14*z**3 - z**2. Determine g(1).
-15
Let b(t) = t**3 + 12*t**2 - 8*t + 5. Determine b(-12).
101
Let l(w) = -w**2 - 16*w + 34. Calculate l(-17).
17
Let i(o) = -o + 23. What is i(15)?
8
Let z(m) = 2*m**2 + 26*m + 17. Calculate z(-14).
45
Let r(d) = -d**3 - 3*d**2 - 3*d + 1. Calculate r(-4).
29
Let w(p) = -p**3 - 7. Determine w(0).
-7
Let m(n) = 4*n**2 - 3*n + 1. Determine m(4).
53
Let v(q) = -q**3 - 6*q**2 + 6*q - 5. Calculate v(-7).
2
Let i(r) = 2*r + 28. Calculate i(-11).
6
Let r(k) = -k**2 - 14*k + 90. Calculate r(-19).
-5
Let l(n) = n**2 + 5*n + 25. Give l(-4).
21
Let p(d) = d**3 - d**2 - 2*d - 13. Give p(0).
-13
Let u(s) = s + 7. What is u(-5)?
2
Let v(q) = q**2 + 3*q - 8. Give v(-4).
-4
Let k(d) = 3*d + 29. What is k(-12)?
-7
Let o(t) = -2*t**3 + t**2 + 2*t - 2. Calculate o(2).
-10
Let m(s) = 9*s - 7. Give m(-2).
-25
Let r(a) = a**3 - 9*a**2 + 65*a - 586. Determine r(9).
-1
Let h(g) = -g + 19. Give h(6).
13
Let y(r) = 3*r - 34. What is y(-18)?
-88
Let n(p) = p**3 - 7*p**2 - 6*p + 5. Calculate n(7).
-37
Let d(u) = u - 6. Determine d(-3).
-9
Let c(w) = w**3 + 26*w**2 - 28*w - 19. What is c(-27)?
8
Let w(r) = -3*r - 18. Give w(-4).
-6
Let w(m) = -4*m. Determine w(-5).
20
Let s(g) = -g**2 + 4*g + 837. Calculate s(-27).
0
Let h(f) = -f**3 - 10*f**2 - 18*f - 70. Give h(-9).
11
Let z(n) = -2*n**3 - 12*n**2 + 14*n + 5. Determine z(-7).
5
Let f(g) = -40*g - 33. Give f(-3).
87
Let a(k) = -k**2 + 20*k - 69. Give a(16).
-5
Let f(y) = -y**2 + 1. Determine f(1).
0
Let y(b) = -b**3 - 7*b**2 - b - 7. Give y(-7).
0
Let x(f) = -8*f**3 + f**2 - f - 1. Determine x(-1).
9
Let k(x) = -2*x**3 - x**2 - x + 8. Calculate k(4).
-140
Let z(k) = k**3 - 29*k**2 + 55*k - 29. Determine z(27).
-2
Let t(c) = 2*c - 3. Give t(2).
1
Let l(z) = -z**2 + 57*z - 701. What is l(39)?
1
Let r(k) = 10*k + 25. What is r(-8)?
-55
Let b(u) = 2*u - 17. Determine b(7).
-3
Let l(t) = 2*t**2 + 9*t + 4. What is l(-5)?
9
Let r(l) = 10*l**2 + 3*l - 1. Determine r(-1).
6
Let j(x) = -x**2 + 24. Give j(0).
24
Let z(w) = -w**3 - 15*w**2 + 37*w + 24. Determine z(-17).
-27
Let f(h) = h + 31. Determine f(-11).
20
Let s(f) = -4*f**3 - 13*f**2 + 9*f - 9. Determine s(-4).
3
Let s(x) = x**3 + 14*x**2 + 17*x + 62. Give s(-13).
10
Let c(l) = -10*l**2 + 12*l - 20. Give c(2).
-36
Let s(t) = -2*t**3 - 29*t**2 - 8*t + 78. What is s(-14)?
-6
Let k(i) = -i + 11. What is k(7)?
4
Let w(q) = -q**3 + 3*q**2 - 5*q + 4. Calculate w(3).
-11
Let n(y) = -y**2 + y + 9. What is n(0)?
9
Let w(o) = 14*o**2 + 144*o + 28. Calculate w(-10).
-12
Let h(t) = t**2 - 9*t - 5. Determine h(11).
17
Let i(j) = -j**3 - 12*j**2 - 4*j - 42. Determine i(-12).
6
Let c(g) = -3*g**2 - g. What is c(2)?
-14
Let s(g) = -g - 1. What is s(-16)?
15
Let l(p) = 4*p + 76. What is l(-7)?
48
Let j(t) = t**2 - 6*t + 5. Calculate j(7).
12
Let r(y) = y**3 - 10*y**2 - 23*y - 21. What is r(12)?
-9
Let u(v) = 26*v**2 - 24*v + 1. Determine u(1).
3
Let h(k) = 45*k**2 + 2*k + 1. Give h(-1).
44
Let z(w) = -w**2 + 9*w + 3. Give z(12).
-33
Let n(m) = m**2 + 5*m - 1. What is n(4)?
35
Let y(q) = q**2 - q + 7. What is y(4)?
19
Let i(k) = -k**2 + 17*k + 18. Give i(16).
34
Let m(k) = k - 35. What is m(0)?
-35
Let t(s) = s**3 - 9*s**2 - 3*s + 11. Give t(9).
-16
Let i(x) = -x**3 - 9*x**2 - 7*x - 5. Give i(-8).
-13
Let m(f) = -2*f**2 + 36*f + 224. What is m(23)?
-6
Let d(j) = j**3 - 29*j**2 + 55*j - 29. Determine d(27).
-2
Let h(i) = -14*i - 3. Determine h(1).
-17
Let y(m) = -8*m**3 - m**2 - 5*m - 1. Calculate y(-2).
69
Let b(n) = -n**3 + 18*n**2 + 2*n - 10. Calculate b(18).
26
Let f(x) = x**3 + 4*x**2 + x + 2. Determine f(-3).
8
Let p(r) = -r**2 + 2*r + 7. Calculate p(4).
-1
Let s(g) = 6*g + 37. Give s(-9).
-17
Let d(w) = -9*w**2 + 29*w + 24. Determine d(4).
-4
Let l(o) = -o**3 - 5*o**2 + 10*o + 13. Give l(-6).
-11
Let y(s) = 2*s**2 + s - 3. Give y(-3).
12
Let b(v) = 7*v - 5. Determine b(-5).
-40
Let g(j) = -j**3 + 36*j + 5. What is g(-6)?
5
Let u(p) = -p**2 - 5*p - 5. Give u(-5).
-5
Let y(m) = -3*m + 4. Calculate y(4).
-8
Let w(j) = j**3 + 6*j**2 + j - 1. Give w(-6).
-7
Let m(i) = i**2 - 2*i - 30. Give m(-9).
69
Let o(d) = 4*d**2 + 4*d + 1. Calculate o(-4).
49
Let a(v) = 3*v**2 + 2*v - 7. What is a(5)?
78
Let t(f) = 54*f**2 - f. Determine t(1).
53
Let w(r) = 20*r - 266. What is w(15)?
34
Let o(v) = v**3 + 6*v**2 - 14*v - 10. Determine o(-9).
-127
Let y(b) = -b + 4. Determine y(4).
0
Let f(s) = -9*s + 60. Calculate f(6).
6
Let i(o) = o**2 - 9*o + 4. What is i(6)?
-14
Let j(c) = -19*c - 1. What is j(-2)?
37
Let q(g) = -12*g**2 - 5*g + 4. What is q(2)?
-54
Let m(r) = 6*r**2 - 2*r - 16. Give m(5).
124
Let v(h) = -28*h**2 + 139*h + 4. Determine v(5).
-1
Let r(j) = j**2 + 8*j + 4. Determine r(-6).
-8
Let r(m) = 2*m**3 + 7*m**2 - 4*m - 28. Calculate r(-6).
-184
Let v(p) = p**2 - 19*p + 45. What is v(17)?
11
Let p(n) = 4*n + 3. Determine p(-1).
-1
Let x(o) = -2*o**2 + o - 3. Calculate x(-3).
-24
Let a(z) = z**3 + 6*z**2 - 8*z - 6. Calculate a(-6).
42
Let d(k) = -k**3 - 7*k**2 - 15*k - 2. Calculate d(-3).
7
Let k(i) = -3*i - 27. Determine k(-7).
-6
Let l(u) = u**3 - 3*u**2 - 2*u - 3. Determine l(-2).
-19
Let f(u) = u**3 - 2*u**2 - 14*u - 8. Determine f(7).
139
Let t(j) = -2*j + 2. What is t(-2)?
6
Let r(g) = -g**2 + 6*g + 5. Determine r(5).
10
Let j(g) = -g**3 + 8*g**2 - 15*g + 13. Determine j(6).
-5
Let j(y) = -8*y + 54. Calculate j(15).
-66
Let t(b) = -b**3 + 10*b**2 + b - 11. Give t(10).
-1
Let r(o) = -o**2 + 2*o - 9. Determine r(7).
-44
Let d(p) = -2*p - 11. Give d(-7).
3
Let d(t) = t**3 + 7*t**2 + 5*t + 5. Determine d(-6).
11
Let j(h) = 2*h**2 - 3*h - 2. Calculate j(2).
0
Let i(k) = k + 3. Give i(4).
7
Let l(v) = 26*v - 30. Calculate l(4).
74
Let k(o) = o**3 - 2*o**2 - 2*o + 1. What is k(2)?
-3
Let c(i) = i - 5. Calculate c(-3).
-8
Let i(a) = -6*a + 44. What is i(30)?
-136
Let w(f) = f**3 + 6*f**2 + 6*f - 2. Give w(-5).
-7
Let o(y) = -3*y**3 - y. What is o(1)?
-4
Let r(s) = s**3 - 3*s**2 - 3*